{"id":826,"date":"2022-11-28T12:58:48","date_gmt":"2022-11-28T12:58:48","guid":{"rendered":"https:\/\/monicasalerno.com\/?page_id=705"},"modified":"2023-01-13T16:25:10","modified_gmt":"2023-01-13T16:25:10","slug":"in-your-face","status":"publish","type":"page","link":"https:\/\/monicasalerno.com\/index.php\/in-your-face\/","title":{"rendered":"in your face"},"content":{"rendered":"\n\n\n\n\n\n\n\n\n\n\n<p style=\"color: rgb(255, 112, 62);\"><a href=\"https:\/\/monicasalerno.com\/index.php\/sample-page\/\" style=\"color: rgb(255, 112, 62);\">M\u00f3nica Salerno<\/a><\/p>\n\n\n\n\n\n\n\n<p><a href=\"https:\/\/monicasalerno.com\/index.php\/bio\/\">BIO<\/a><\/p>\n<p><a href=\"https:\/\/monicasalerno.com\/index.php\/talleres\/\">TALLERES<\/a><\/p>\n\n\n\n<p><a href=\"https:\/\/monicasalerno.com\/index.php\/prensa\/\">PRENSA<\/a><\/p>\n<p><a href=\"https:\/\/monicasalerno.com\/index.php\/proyectos\/\">PROYECTOS<\/a><\/p>\n\n\n\n\n\n\n\n\n\n<p style=\"color: rgb(255, 112, 62);\"><a href=\"https:\/\/monicasalerno.com\/index.php\/sample-page\/\" style=\"color: rgb(255, 112, 62);\">M\u00f3nica Salerno<\/a><\/p>\n\n\n\n\n\n\n\n<p><a href=\"https:\/\/monicasalerno.com\/index.php\/bio\/\">BIO<\/a><\/p>\n<p><a href=\"https:\/\/monicasalerno.com\/index.php\/talleres\/\">TALLERES<\/a><\/p>\n\n\n\n<p><a href=\"https:\/\/monicasalerno.com\/index.php\/prensa\/\">PRENSA<\/a><\/p>\n<p><a href=\"https:\/\/monicasalerno.com\/index.php\/proyectos\/\">PROYECTOS<\/a><\/p>\n\n\n\n\n\n\n\n\n\n\n\n\n\n\n\n<p><span style=\"color: #000000;\">IN YOUR FACE&nbsp;<span style=\"font-family: &quot;Playfair Display&quot;;\"><em style=\"\">(teatro \/comedia)<\/em><\/span><\/span><\/p>\n\n<ul style=\"font-family: 'Roboto Condensed';\">\n<li style=\"color: #ff703e; list-style-type: none;\"><span style=\"background-color: transparent; color: #000000;\">Microteatro Buenos Aires. 2022.<\/span><\/li>\n<\/ul>\n\n<p><span style=\"background-color: transparent; color: #000000;\">SINOPSIS<\/span><\/p>\n<p><span style=\"background-color: transparent;\"><span style=\"color:#000000;\">Maria Clara y Marcia, son  amigas, y \u201cemprendedoras\u201d,  se preparan para la\n\u201cCompetencia  Internacional de yoga facial!\u201d, pero durante un vivo en instagram, \u00a1Todo estalla!<\/span>\n<\/span><\/p>\n<p>&nbsp;<\/p>\n<p><strong><\/strong><\/p><span style=\"color: rgb(255, 112, 62);\"><p style=\"\">FICHA T\u00c9CNICO ART\u00cdSTICA<\/p><\/span>\n<p><\/p><span style=\"color:#000000;\"><p style=\"\">DIRECCI\u00d3N Y DRAMATURGIA: M\u00f3nica Salerno<\/p>\n<p style=\"\">ACT\u00daAN: Luciana Lifschitz y Bel\u00e9n Pisarenko.<\/p>\n<p style=\"\">ASISTENCIA DE DIRECCI\u00d3N Y DISE\u00d1O GR\u00c1FICO: Naiara Camussi<\/p>\n<p style=\"\">VESTUARIO:&nbsp;Lorena Salerno<\/p>\n<p style=\"\">SONIDO Y LOCUCI\u00d3N: Jorge Guti\u00e9rrez Jimen\u00e9z<\/p><\/span><p>\n<\/p>\n<p>&nbsp;<\/p>\n\n\n\n\n\n\n\n\n\n\n<p><span style=\"color: #000000;\">IN YOUR FACE&nbsp;<span style=\"font-family: &quot;Playfair Display&quot;;\"><em style=\"\">(teatro \/comedia)<\/em><\/span><\/span><\/p>\n<ul style=\"font-family: 'Roboto Condensed';\">\n<li style=\"color: #ff703e; list-style-type: none;\"><span style=\"background-color: transparent; color: #000000;\">Microteatro Buenos Aires. 2022.<\/span><\/li>\n<\/ul>\n\n\n\n\n\n\n\n<p><span style=\"background-color: transparent; color: #000000;\">SINOPSIS<\/span><\/p>\n<p><span style=\"background-color: transparent;\"><span style=\"color:#000000;\">Maria Clara y Marcia, son  amigas, y \u201cemprendedoras\u201d,  se preparan para la\n\u201cCompetencia  Internacional de yoga facial!\u201d, pero durante un vivo en instagram, \u00a1Todo estalla!<\/span>\n<\/span><\/p>\n<p>&nbsp;<\/p>\n<p><strong><\/strong><\/p><span style=\"color: rgb(255, 112, 62);\"><p style=\"\">FICHA T\u00c9CNICO ART\u00cdSTICA<\/p><\/span>\n<p><\/p><span style=\"color:#000000;\"><p style=\"\">DIRECCI\u00d3N Y DRAMATURGIA: M\u00f3nica Salerno<\/p>\n<p style=\"\">ACT\u00daAN: Luciana Lifschitz y Bel\u00e9n Pisarenko.<\/p>\n<p style=\"\">ASISTENCIA DE DIRECCI\u00d3N Y DISE\u00d1O GR\u00c1FICO: Naiara Camussi<\/p>\n<p style=\"\">VESTUARIO:&nbsp;Lorena Salerno<\/p>\n<p style=\"\">SONIDO Y LOCUCI\u00d3N: Jorge Guti\u00e9rrez Jimen\u00e9z<\/p><\/span><p>\n<\/p>\n<p>&nbsp;<\/p>\n\n\n\n\n\n\n\n","protected":false},"excerpt":{"rendered":"","protected":false},"author":1,"featured_media":0,"parent":0,"menu_order":0,"comment_status":"closed","ping_status":"closed","template":"","meta":{"om_disable_all_campaigns":false,"pagelayer_contact_templates":[],"_pagelayer_content":"","_monsterinsights_skip_tracking":false,"_monsterinsights_sitenote_active":false,"_monsterinsights_sitenote_note":"","_monsterinsights_sitenote_category":0,"footnotes":""},"class_list":["post-826","page","type-page","status-publish","hentry"],"aioseo_notices":[],"_links":{"self":[{"href":"https:\/\/monicasalerno.com\/index.php\/wp-json\/wp\/v2\/pages\/826","targetHints":{"allow":["GET"]}}],"collection":[{"href":"https:\/\/monicasalerno.com\/index.php\/wp-json\/wp\/v2\/pages"}],"about":[{"href":"https:\/\/monicasalerno.com\/index.php\/wp-json\/wp\/v2\/types\/page"}],"author":[{"embeddable":true,"href":"https:\/\/monicasalerno.com\/index.php\/wp-json\/wp\/v2\/users\/1"}],"replies":[{"embeddable":true,"href":"https:\/\/monicasalerno.com\/index.php\/wp-json\/wp\/v2\/comments?post=826"}],"version-history":[{"count":22,"href":"https:\/\/monicasalerno.com\/index.php\/wp-json\/wp\/v2\/pages\/826\/revisions"}],"predecessor-version":[{"id":1315,"href":"https:\/\/monicasalerno.com\/index.php\/wp-json\/wp\/v2\/pages\/826\/revisions\/1315"}],"wp:attachment":[{"href":"https:\/\/monicasalerno.com\/index.php\/wp-json\/wp\/v2\/media?parent=826"}],"curies":[{"name":"wp","href":"https:\/\/api.w.org\/{rel}","templated":true}]}}