{"id":728,"date":"2022-11-23T13:00:33","date_gmt":"2022-11-23T13:00:33","guid":{"rendered":"https:\/\/monicasalerno.com\/?page_id=705"},"modified":"2023-01-13T16:24:33","modified_gmt":"2023-01-13T16:24:33","slug":"clinica-proyectos","status":"publish","type":"page","link":"https:\/\/monicasalerno.com\/index.php\/clinica-proyectos\/","title":{"rendered":"cl\u00ednica de proyectos"},"content":{"rendered":"\n\n\n\n\n\n\n\n\n\n\n<p style=\"color: rgb(255, 112, 62);\"><a href=\"https:\/\/monicasalerno.com\/index.php\/sample-page\/\" style=\"color: rgb(255, 112, 62);\">M\u00f3nica Salerno<\/a><\/p>\n\n\n\n\n\n\n\n<p><a href=\"https:\/\/monicasalerno.com\/index.php\/bio\/\">BIO<\/a><\/p>\n<p><a href=\"https:\/\/monicasalerno.com\/index.php\/talleres\/\">TALLERES<\/a><\/p>\n\n\n\n<p><a href=\"https:\/\/monicasalerno.com\/index.php\/prensa\/\">PRENSA<\/a><\/p>\n<p><a href=\"https:\/\/monicasalerno.com\/index.php\/proyectos\/\">PROYECTOS<\/a><\/p>\n\n\n\n\n\n\n\n\n\n<p style=\"color: rgb(255, 112, 62);\"><a href=\"https:\/\/monicasalerno.com\/index.php\/sample-page\/\" style=\"color: rgb(255, 112, 62);\">M\u00f3nica Salerno<\/a><\/p>\n\n\n\n\n\n\n\n<p><a href=\"https:\/\/monicasalerno.com\/index.php\/bio\/\">BIO<\/a><\/p>\n<p><a href=\"https:\/\/monicasalerno.com\/index.php\/talleres\/\">TALLERES<\/a><\/p>\n\n\n\n<p><a href=\"https:\/\/monicasalerno.com\/index.php\/prensa\/\">PRENSA<\/a><\/p>\n<p><a href=\"https:\/\/monicasalerno.com\/index.php\/proyectos\/\">PROYECTOS<\/a><\/p>\n\n\n\n\n\n\n\n\n\n\n\n<p><font color=\"#000000\"><strong>CL\u00cdNICA DE PROYECTOS <span style=\"font-family:Playfair Display;\"><em>(Personalizado\/individual)<\/em><\/span><\/strong><\/font><\/p>\n<p><span style=\"font-family: 'Roboto Condensed'; color: #000000;\">Dirigido a personas que quieran desarrollar un proyecto personal cinematogr\u00e1fico, teatral, ficci\u00f3n o documental  y necesiten ser acompa\u00f1ados en el proceso de escritura. \n<span style=\"background-color: transparent;\">\u00a0<\/span><\/span><\/p>\n<ul style=\"font-family: 'Roboto Condensed';\">\n<li style=\"color: #ff703e; list-style-type: none;\">&nbsp;&nbsp;<\/li><\/ul><ul style=\"color: #ff703e;\">\n<li><span style=\"color: #000000;\"><strong>Informes:<\/strong>&nbsp;<span style=\"color: #ff703e;\">monikguion@gmail.com<\/span><\/span><\/li>\n<\/ul>\n<p>&nbsp;<\/p>\n\n\n\n\n<p><font color=\"#000000\"><strong>CL\u00cdNICA DE PROYECTOS <span style=\"font-family:Playfair Display;\"><em>(Personalizado\/individual)<\/em><\/span><\/strong><\/font><\/p>\n\n\n\n\n\n<p><span style=\"font-family: 'Roboto Condensed'; color: #000000;\">Dirigido a personas que quieran desarrollar un proyecto personal cinematogr\u00e1fico, teatral, ficci\u00f3n o documental  y necesiten ser acompa\u00f1ados en el proceso de escritura. \n<span style=\"background-color: transparent;\">\u00a0<\/span><\/span><\/p>\n<ul style=\"font-family: 'Roboto Condensed';\">\n<li style=\"color: #ff703e; list-style-type: none;\">&nbsp;&nbsp;<\/li><\/ul><ul style=\"color: #ff703e;\">\n<li><span style=\"color: #000000;\"><strong>Informes:<\/strong>&nbsp;<span style=\"color: #ff703e;\">monikguion@gmail.com<\/span><\/span><\/li>\n<\/ul>\n<p>&nbsp;<\/p>\n\n\n\n\n\n\n","protected":false},"excerpt":{"rendered":"","protected":false},"author":1,"featured_media":0,"parent":0,"menu_order":0,"comment_status":"closed","ping_status":"closed","template":"","meta":{"om_disable_all_campaigns":false,"pagelayer_contact_templates":[],"_pagelayer_content":"","_monsterinsights_skip_tracking":false,"_monsterinsights_sitenote_active":false,"_monsterinsights_sitenote_note":"","_monsterinsights_sitenote_category":0,"footnotes":""},"class_list":["post-728","page","type-page","status-publish","hentry"],"aioseo_notices":[],"_links":{"self":[{"href":"https:\/\/monicasalerno.com\/index.php\/wp-json\/wp\/v2\/pages\/728","targetHints":{"allow":["GET"]}}],"collection":[{"href":"https:\/\/monicasalerno.com\/index.php\/wp-json\/wp\/v2\/pages"}],"about":[{"href":"https:\/\/monicasalerno.com\/index.php\/wp-json\/wp\/v2\/types\/page"}],"author":[{"embeddable":true,"href":"https:\/\/monicasalerno.com\/index.php\/wp-json\/wp\/v2\/users\/1"}],"replies":[{"embeddable":true,"href":"https:\/\/monicasalerno.com\/index.php\/wp-json\/wp\/v2\/comments?post=728"}],"version-history":[{"count":13,"href":"https:\/\/monicasalerno.com\/index.php\/wp-json\/wp\/v2\/pages\/728\/revisions"}],"predecessor-version":[{"id":1312,"href":"https:\/\/monicasalerno.com\/index.php\/wp-json\/wp\/v2\/pages\/728\/revisions\/1312"}],"wp:attachment":[{"href":"https:\/\/monicasalerno.com\/index.php\/wp-json\/wp\/v2\/media?parent=728"}],"curies":[{"name":"wp","href":"https:\/\/api.w.org\/{rel}","templated":true}]}}