{"id":713,"date":"2022-11-22T14:34:02","date_gmt":"2022-11-22T14:34:02","guid":{"rendered":"https:\/\/monicasalerno.com\/?page_id=705"},"modified":"2023-01-13T16:24:58","modified_gmt":"2023-01-13T16:24:58","slug":"guion-adolescentes","status":"publish","type":"page","link":"https:\/\/monicasalerno.com\/index.php\/guion-adolescentes\/","title":{"rendered":"guion adolescentes"},"content":{"rendered":"\n\n\n\n\n\n\n\n\n\n\n<p style=\"color: rgb(255, 112, 62);\"><a href=\"https:\/\/monicasalerno.com\/index.php\/sample-page\/\" style=\"color: rgb(255, 112, 62);\">M\u00f3nica Salerno<\/a><\/p>\n\n\n\n\n\n\n\n<p><a href=\"https:\/\/monicasalerno.com\/index.php\/bio\/\">BIO<\/a><\/p>\n<p><a href=\"https:\/\/monicasalerno.com\/index.php\/talleres\/\">TALLERES<\/a><\/p>\n\n\n\n<p><a href=\"https:\/\/monicasalerno.com\/index.php\/prensa\/\">PRENSA<\/a><\/p>\n<p><a href=\"https:\/\/monicasalerno.com\/index.php\/proyectos\/\">PROYECTOS<\/a><\/p>\n\n\n\n\n\n\n\n\n\n<p style=\"color: rgb(255, 112, 62);\"><a href=\"https:\/\/monicasalerno.com\/index.php\/sample-page\/\" style=\"color: rgb(255, 112, 62);\">M\u00f3nica Salerno<\/a><\/p>\n\n\n\n\n\n\n\n<p><a href=\"https:\/\/monicasalerno.com\/index.php\/bio\/\">BIO<\/a><\/p>\n<p><a href=\"https:\/\/monicasalerno.com\/index.php\/talleres\/\">TALLERES<\/a><\/p>\n\n\n\n<p><a href=\"https:\/\/monicasalerno.com\/index.php\/prensa\/\">PRENSA<\/a><\/p>\n<p><a href=\"https:\/\/monicasalerno.com\/index.php\/proyectos\/\">PROYECTOS<\/a><\/p>\n\n\n\n\n\n\n\n\n\n\n\n<p><strong style=\"font-family: 'Roboto Condensed'; color: #000000;\">TALLER DE GUI\u00d3N PARA ADOLESCENTES<\/strong><\/p>\n<p><span style=\"font-family: 'Roboto Condensed'; color: #000000;\">El taller propone un acercamiento al cine y a la escritura audiovisual que se complementa con la visualizaci\u00f3n de films (ficci\u00f3n, animaci\u00f3n, documentales), lecturas complementarias, literatura, historia del cine, as\u00ed como tambi\u00e9n  aprender a escuchar m\u00fasica de otras culturas y \u00e9pocas. \n<span style=\"background-color: transparent;\">&nbsp;<\/span><\/span><\/p>\n<ul style=\"font-family: &quot;Roboto Condensed&quot;;\">\n<li style=\"color: rgb(255, 112, 62); list-style-type: none;\">\n<\/li><\/ul><p><\/p><ul style=\"\"><li style=\"list-style-type: none;\"><ul style=\"\"><li style=\"color: rgb(255, 112, 62);\"><span style=\"background-color: transparent; color: rgb(0, 0, 0);\">Aprender a mirar y escuchar para aprender a contar<\/span><\/li><li style=\"color: rgb(255, 112, 62);\"><span style=\"background-color: transparent; color: rgb(0, 0, 0);\">Comprender que el cine est\u00e1 cruzado por varias disciplinas, y que podemos aprender a narrar \nnuestros mundos.<\/span><\/li><li style=\"color: rgb(255, 112, 62);\"><span style=\"background-color: transparent; color: rgb(0, 0, 0);\">El taller est\u00e1 dirigido a adolescentes de 14 a 19 a\u00f1os que quieran escribir cine, con o sin experiencia en la escritura.<\/span><\/li><li style=\"color: rgb(255, 112, 62);\"><span style=\"background-color: transparent; color: rgb(0, 0, 0);\"><strong>I<\/strong><strong>mportante:&nbsp;<\/strong>Los cupos son limitados y se trabaja de manera personalizada con cada participante. Se toma una entrevista previa siempre.<\/span><\/li><\/ul><\/li><\/ul><p><\/p><ul style=\"color: rgb(255, 112, 62);\"><li><span style=\"background-color: transparent; color: rgb(0, 0, 0);\"><span style=\"font-weight: bolder;\">Modalidad mixta:<\/span>&nbsp;<\/span><span style=\"background-color: transparent; color: rgb(0, 0, 0);\">Virtual por Plataforma zoom y presencial en Estudio en CABA. (zona Palermo\/Villa Crespo)<\/span>&nbsp;<\/li><li><span style=\"color: rgb(0, 0, 0); background-color: transparent;\"><span style=\"font-weight: bolder;\">Frecuencia:<\/span>&nbsp;Semanal (Cuatro encuentros por mes)<\/span><\/li><li><span style=\"color: rgb(0, 0, 0);\"><span style=\"font-weight: bolder;\">Horario:&nbsp;<\/span>s\u00e1bados de 11 a 13hs y 15 a 17hs presencial.<\/span><\/li><li><span style=\"color:#000000;\">Durante este taller se filmaran cortometrajes escritos durante la cursada.<\/span>\n<\/li><li><span style=\"background-color: transparent; color: rgb(0, 0, 0);\">No se necesita tener experiencia previa para participar.<\/span><span style=\"background-color: transparent;\">&nbsp;<\/span><br><\/li><li><span style=\"color: rgb(0, 0, 0);\">Informaci\u00f3n, costos e inscripci\u00f3n:&nbsp;<span style=\"color: rgb(255, 112, 62);\">monikguion@gmail.com<\/span><\/span><\/li><\/ul><p><\/p><ul style=\"color: #ff703e; font-family: 'Roboto Condensed';\">\n<\/ul>\n\n\n\n\n\n\n<p><strong style=\"font-family: 'Roboto Condensed'; color: #000000;\">TALLER DE GUI\u00d3N PARA ADOLESCENTES<\/strong><\/p>\n\n\n\n\n\n<p><span style=\"font-family: 'Roboto Condensed'; color: #000000;\">El taller propone un acercamiento al cine y a la escritura audiovisual que se complementa con la visualizaci\u00f3n de films (ficci\u00f3n, animaci\u00f3n, documentales), lecturas complementarias, literatura, historia del cine, as\u00ed como tambi\u00e9n  aprender a escuchar m\u00fasica de otras culturas y \u00e9pocas. \n<span style=\"background-color: transparent;\">&nbsp;<\/span><\/span><\/p>\n<ul style=\"font-family: &quot;Roboto Condensed&quot;;\">\n<li style=\"color: rgb(255, 112, 62); list-style-type: none;\">\n<\/li><\/ul><p><\/p><ul style=\"\"><li style=\"list-style-type: none;\"><ul style=\"\"><li style=\"color: rgb(255, 112, 62);\"><span style=\"background-color: transparent; color: rgb(0, 0, 0);\">Aprender a mirar y escuchar para aprender a contar<\/span><\/li><li style=\"color: rgb(255, 112, 62);\"><span style=\"background-color: transparent; color: rgb(0, 0, 0);\">Comprender que el cine est\u00e1 cruzado por varias disciplinas, y que podemos aprender a narrar \nnuestros mundos.<\/span><\/li><li style=\"color: rgb(255, 112, 62);\"><span style=\"background-color: transparent; color: rgb(0, 0, 0);\">El taller est\u00e1 dirigido a adolescentes de 14 a 19 a\u00f1os que quieran escribir cine, con o sin experiencia en la escritura.<\/span><\/li><li style=\"color: rgb(255, 112, 62);\"><span style=\"background-color: transparent; color: rgb(0, 0, 0);\"><strong>I<\/strong><strong>mportante:&nbsp;<\/strong>Los cupos son limitados y se trabaja de manera personalizada con cada participante. Se toma una entrevista previa siempre.<\/span><\/li><\/ul><\/li><\/ul><p><\/p><ul style=\"color: rgb(255, 112, 62);\"><li><span style=\"background-color: transparent; color: rgb(0, 0, 0);\"><span style=\"font-weight: bolder;\">Modalidad mixta:<\/span>&nbsp;<\/span><span style=\"background-color: transparent; color: rgb(0, 0, 0);\">Virtual por Plataforma zoom y presencial en Estudio en CABA. (zona Palermo\/Villa Crespo)<\/span>&nbsp;<\/li><li><span style=\"color: rgb(0, 0, 0); background-color: transparent;\"><span style=\"font-weight: bolder;\">Frecuencia:<\/span>&nbsp;Semanal (Cuatro encuentros por mes)<\/span><\/li><li><span style=\"color: rgb(0, 0, 0);\"><span style=\"font-weight: bolder;\">Horario:&nbsp;<\/span>s\u00e1bados de 11 a 13hs y 15 a 17hs presencial.<\/span><\/li><li><span style=\"color:#000000;\">Durante este taller se filmaran cortometrajes escritos durante la cursada.<\/span>\n<\/li><li><span style=\"background-color: transparent; color: rgb(0, 0, 0);\">No se necesita tener experiencia previa para participar.<\/span><span style=\"background-color: transparent;\">&nbsp;<\/span><br><\/li><li><span style=\"color: rgb(0, 0, 0);\">Informaci\u00f3n, costos e inscripci\u00f3n:&nbsp;<span style=\"color: rgb(255, 112, 62);\">monikguion@gmail.com<\/span><\/span><\/li><\/ul><p><\/p><ul style=\"color: #ff703e; font-family: 'Roboto Condensed';\">\n<\/ul>\n\n\n\n\n\n\n","protected":false},"excerpt":{"rendered":"","protected":false},"author":1,"featured_media":0,"parent":0,"menu_order":0,"comment_status":"closed","ping_status":"closed","template":"","meta":{"om_disable_all_campaigns":false,"pagelayer_contact_templates":[],"_pagelayer_content":"","_monsterinsights_skip_tracking":false,"_monsterinsights_sitenote_active":false,"_monsterinsights_sitenote_note":"","_monsterinsights_sitenote_category":0,"footnotes":""},"class_list":["post-713","page","type-page","status-publish","hentry"],"aioseo_notices":[],"_links":{"self":[{"href":"https:\/\/monicasalerno.com\/index.php\/wp-json\/wp\/v2\/pages\/713","targetHints":{"allow":["GET"]}}],"collection":[{"href":"https:\/\/monicasalerno.com\/index.php\/wp-json\/wp\/v2\/pages"}],"about":[{"href":"https:\/\/monicasalerno.com\/index.php\/wp-json\/wp\/v2\/types\/page"}],"author":[{"embeddable":true,"href":"https:\/\/monicasalerno.com\/index.php\/wp-json\/wp\/v2\/users\/1"}],"replies":[{"embeddable":true,"href":"https:\/\/monicasalerno.com\/index.php\/wp-json\/wp\/v2\/comments?post=713"}],"version-history":[{"count":16,"href":"https:\/\/monicasalerno.com\/index.php\/wp-json\/wp\/v2\/pages\/713\/revisions"}],"predecessor-version":[{"id":1314,"href":"https:\/\/monicasalerno.com\/index.php\/wp-json\/wp\/v2\/pages\/713\/revisions\/1314"}],"wp:attachment":[{"href":"https:\/\/monicasalerno.com\/index.php\/wp-json\/wp\/v2\/media?parent=713"}],"curies":[{"name":"wp","href":"https:\/\/api.w.org\/{rel}","templated":true}]}}